{"id":1110,"date":"2024-12-24T12:04:37","date_gmt":"2024-12-24T11:04:37","guid":{"rendered":"https:\/\/etxebetea.com\/?page_id=1110"},"modified":"2024-12-24T12:40:52","modified_gmt":"2024-12-24T11:40:52","slug":"maria-herrera","status":"publish","type":"page","link":"https:\/\/etxebetea.com\/es\/maria-herrera\/","title":{"rendered":"Mar\u00eda Herrera"},"content":{"rendered":"\n<div class=\"wp-block-columns are-vertically-aligned-center cabecera--small is-layout-flex wp-container-core-columns-is-layout-9d6595d7 wp-block-columns-is-layout-flex\" id=\"cabecera\">\n<div class=\"wp-block-column is-vertically-aligned-center is-layout-flow wp-block-column-is-layout-flow\" style=\"flex-basis:45%\">\n<figure class=\"wp-block-image alignfull size-full\"><img loading=\"lazy\" decoding=\"async\" width=\"697\" height=\"655\" src=\"https:\/\/etxebetea.com\/wp-content\/uploads\/2024\/12\/maria-herrera.jpg\" alt=\"Mar\u00eda Herrera\" class=\"wp-image-954\" srcset=\"https:\/\/etxebetea.com\/wp-content\/uploads\/2024\/12\/maria-herrera.jpg 697w, https:\/\/etxebetea.com\/wp-content\/uploads\/2024\/12\/maria-herrera-300x282.jpg 300w\" sizes=\"auto, (max-width: 697px) 100vw, 697px\" \/><\/figure>\n<\/div>\n\n\n\n<div class=\"wp-block-column is-vertically-aligned-center is-layout-flow wp-block-column-is-layout-flow\" style=\"flex-basis:55%\">\n<h1 class=\"wp-block-heading\">Mar\u00eda Herrera<\/h1>\n\n\n\n<p class=\"link-arrow\"><a href=\"https:\/\/etxebetea.com\/es\/una-habitacion-propia\/\" data-type=\"page\" data-id=\"623\">Una habitaci\u00f3n propia<\/a><\/p>\n<\/div>\n<\/div>\n\n\n\n<div style=\"height:5vh\" aria-hidden=\"true\" class=\"wp-block-spacer\"><\/div>\n\n\n\n<div class=\"wp-block-columns is-layout-flex wp-container-core-columns-is-layout-9d6595d7 wp-block-columns-is-layout-flex\">\n<div class=\"wp-block-column is-layout-flow wp-block-column-is-layout-flow\" style=\"flex-basis:10%\"><\/div>\n\n\n\n<div class=\"wp-block-column is-layout-flow wp-block-column-is-layout-flow\" style=\"flex-basis:90%\">\n<p>Mar\u00eda Herrera desarroll\u00f3 su largometraje \u2018<em>Desde que t\u00fa te has ido\u201d<\/em>\u2018 dentro de la residencia art\u00edstica Una Habitaci\u00f3n Propia, con sus mentoras <strong>Celia Rico<\/strong> y <strong>Elena L\u00f3pez Riera<\/strong>.<\/p>\n\n\n\n<p>Doble graduada en Periodismo y Com. Audiovisual con formaci\u00f3n complementaria en Ciencias Pol\u00edticas en la Universidad Carlos III de Madrid. Mar\u00eda fue galardonada con una prestigiosa beca de La Caixa para cursar un posgrado de cine en guion y direcci\u00f3n (MFA) en la universidad p\u00fablica de Nueva York. Adem\u00e1s, ha sido seleccionada en el prestigioso programa de talento internacional BAFTA Newcomers en NY.<\/p>\n\n\n\n<p>Ganadora de un Premio Goya al Mejor Cortometraje de Ficci\u00f3n como productora de ARQUITECTURA EMOCIONAL 1959. Antes de mudarse a Nueva York, trabaj\u00f3 en la productora Avalon durante m\u00e1s de cinco a\u00f1os.<\/p>\n\n\n\n<p>Ultima el montaje de su cortometraje THE OTHER WOMAN rodado en Nueva York con el apoyo de la Fundaci\u00f3n La Caixa. Y acaba de rodar su segundo cortometraje como guionista y directora EL CUENTO DE UNA NOCHE DE VERANO, protagonizado por Olivia Delc\u00e1n (\u2018Isla Bonita\u2019) y Nacho S\u00e1nchez (\u2018Mant\u00edcora\u2019).<strong><\/strong><\/p>\n<\/div>\n<\/div>\n\n\n\n<div style=\"height:10vh\" aria-hidden=\"true\" class=\"wp-block-spacer\"><\/div>\n\n\n\n<div id=\"block-marquee-block_09d46c6d1ac9c86b3fd7aee1c2a596ba\" class=\"cc-block-marquee alignfull\" >\n\n    <div class=\"cc-block-marquee-wrapper\">\n\n        <a href=\"https:\/\/etxebetea.com\/es\/\" >Vuelve al inicio de ETXE BETEA<\/a>\n\n    <\/div><!-- .cc-block-marquee-wrapper -->\n<\/div>","protected":false},"excerpt":{"rendered":"<p>Mar\u00eda Herrera Una habitaci\u00f3n propia Mar\u00eda Herrera desarroll\u00f3 su largometraje \u2018Desde que t\u00fa te has ido\u201d\u2018 dentro de la residencia art\u00edstica Una Habitaci\u00f3n Propia, con sus mentoras Celia Rico y Elena L\u00f3pez Riera. Doble graduada en Periodismo y Com. Audiovisual con formaci\u00f3n complementaria en Ciencias Pol\u00edticas en la Universidad Carlos III de Madrid. Mar\u00eda fue [&hellip;]<\/p>\n","protected":false},"author":3,"featured_media":0,"parent":0,"menu_order":0,"comment_status":"closed","ping_status":"closed","template":"","meta":{"_acf_changed":false,"inline_featured_image":false,"_genesis_hide_title":true,"_genesis_hide_breadcrumbs":false,"_genesis_hide_singular_image":false,"_genesis_hide_footer_widgets":false,"_genesis_custom_body_class":"","_genesis_custom_post_class":"","_genesis_layout":"","footnotes":""},"class_list":{"0":"post-1110","1":"page","2":"type-page","3":"status-publish","5":"entry"},"acf":[],"_links":{"self":[{"href":"https:\/\/etxebetea.com\/es\/wp-json\/wp\/v2\/pages\/1110","targetHints":{"allow":["GET"]}}],"collection":[{"href":"https:\/\/etxebetea.com\/es\/wp-json\/wp\/v2\/pages"}],"about":[{"href":"https:\/\/etxebetea.com\/es\/wp-json\/wp\/v2\/types\/page"}],"author":[{"embeddable":true,"href":"https:\/\/etxebetea.com\/es\/wp-json\/wp\/v2\/users\/3"}],"replies":[{"embeddable":true,"href":"https:\/\/etxebetea.com\/es\/wp-json\/wp\/v2\/comments?post=1110"}],"version-history":[{"count":3,"href":"https:\/\/etxebetea.com\/es\/wp-json\/wp\/v2\/pages\/1110\/revisions"}],"predecessor-version":[{"id":1145,"href":"https:\/\/etxebetea.com\/es\/wp-json\/wp\/v2\/pages\/1110\/revisions\/1145"}],"wp:attachment":[{"href":"https:\/\/etxebetea.com\/es\/wp-json\/wp\/v2\/media?parent=1110"}],"curies":[{"name":"wp","href":"https:\/\/api.w.org\/{rel}","templated":true}]}}

María Herrera

<div class="wp-block-columns are-vertically-aligned-center cabecera--small is-layout-flex wp-container-core-columns-is-layout-9d6595d7 wp-block-columns-is-layout-flex" id="cabecera">
<div class="wp-block-column is-vertically-aligned-center is-layout-flow wp-block-column-is-layout-flow" style="flex-basis:45%">
<figure class="wp-block-image alignfull size-full"><img loading="lazy" decoding="async" width="697" height="655" src="https://etxebetea.com/wp-content/uploads/2024/12/maria-herrera.jpg" alt="María Herrera" class="wp-image-954" srcset="https://etxebetea.com/wp-content/uploads/2024/12/maria-herrera.jpg 697w, https://etxebetea.com/wp-content/uploads/2024/12/maria-herrera-300x282.jpg 300w" sizes="auto, (max-width: 697px) 100vw, 697px" /></figure>
</div>



<div class="wp-block-column is-vertically-aligned-center is-layout-flow wp-block-column-is-layout-flow" style="flex-basis:55%">
<h1 class="wp-block-heading">María Herrera</h1>



<p class="link-arrow"><a href="https://etxebetea.com/es/una-habitacion-propia/" data-type="page" data-id="623">Una habitación propia</a></p>
</div>
</div>



<div style="height:5vh" aria-hidden="true" class="wp-block-spacer"></div>



<div class="wp-block-columns is-layout-flex wp-container-core-columns-is-layout-9d6595d7 wp-block-columns-is-layout-flex">
<div class="wp-block-column is-layout-flow wp-block-column-is-layout-flow" style="flex-basis:10%"></div>



<div class="wp-block-column is-layout-flow wp-block-column-is-layout-flow" style="flex-basis:90%">
<p>María Herrera desarrolló su largometraje ‘<em>Desde que tú te has ido”</em>‘ dentro de la residencia artística Una Habitación Propia, con sus mentoras <strong>Celia Rico</strong> y <strong>Elena López Riera</strong>.</p>



<p>Doble graduada en Periodismo y Com. Audiovisual con formación complementaria en Ciencias Políticas en la Universidad Carlos III de Madrid. María fue galardonada con una prestigiosa beca de La Caixa para cursar un posgrado de cine en guion y dirección (MFA) en la universidad pública de Nueva York. Además, ha sido seleccionada en el prestigioso programa de talento internacional BAFTA Newcomers en NY.</p>



<p>Ganadora de un Premio Goya al Mejor Cortometraje de Ficción como productora de ARQUITECTURA EMOCIONAL 1959. Antes de mudarse a Nueva York, trabajó en la productora Avalon durante más de cinco años.</p>



<p>Ultima el montaje de su cortometraje THE OTHER WOMAN rodado en Nueva York con el apoyo de la Fundación La Caixa. Y acaba de rodar su segundo cortometraje como guionista y directora EL CUENTO DE UNA NOCHE DE VERANO, protagonizado por Olivia Delcán (‘Isla Bonita’) y Nacho Sánchez (‘Mantícora’).<strong></strong></p>
</div>
</div>



<div style="height:10vh" aria-hidden="true" class="wp-block-spacer"></div>



<div id="block-marquee-block_09d46c6d1ac9c86b3fd7aee1c2a596ba" class="cc-block-marquee alignfull" >

    <div class="cc-block-marquee-wrapper">

        <a href="https://etxebetea.com/es/" >Vuelve al inicio de ETXE BETEA</a>

    </div><!-- .cc-block-marquee-wrapper -->
</div>

<p>María Herrera Una habitación propia María Herrera desarrolló su largometraje ‘Desde que tú te has ido”‘ dentro de la residencia artística Una Habitación Propia, con sus mentoras Celia Rico y Elena López Riera. Doble graduada en Periodismo y Com. Audiovisual con formación complementaria en Ciencias Políticas en la Universidad Carlos III de Madrid. María fue [&hellip;]</p>
